by 14?
12
Let q = 7 - 4. Suppose -3*p + 32 = -2*u, 3*p - 5*p - q*u = -30. What is the remainder when (-30510)/(-339) - 3*-1 is divided by p?
9
Calculate the remainder when (4*75 - 3) + 88 + -94 is divided by (-4)/(3*4/(-222)).
69
Suppose 8*k - 311 + 279 = 0. Let r(h) = 2*h + 26 + 0*h + h. Calculate the remainder when r(k) is divided by 20.
18
Suppose 235*d - 183605 = -29995 + 13005. Calculate the remainder when d is divided by 92.
65
Suppose 0 = -33*b + 38*b - 180. Let r be (7/(-21))/((-2)/b). Suppose r*c - g = 8*c - 33, 2*c = 3*g + 21. Calculate the remainder when 41 is divided by c.
11
Calculate the remainder when 2 + (64/192)/(-1 - 3758/(-3756)) is divided by 23.
7
Let q(c) = -13*c - 58. Let g be 0/(-1 + -3) - -5 - 14. Calculate the remainder when q(g) is divided by 8.
3
Let y = 18693 + -18100. Calculate the remainder when y is divided by 102.
83
Let d(z) = z + 9. Let w be d(-4). Let f(p) be the third derivative of 11*p**4/24 - 11*p**3/2 - 33*p**2. What is the remainder when 52 is divided by f(w)?
8
Suppose -12 = -4*o, -9 = -5*y - 3*o + 5*o. Suppose -4*w + 3*a + 52 = 0, -5*a + 29 = 2*w + y. Calculate the remainder when 24 is divided by w.
11
Let f(a) = 5*a**3 - 4*a**2 + 4*a + 3. Suppose -12*w + 18 + 6 = 0. Calculate the remainder when 108 is divided by f(w).
3
What is the remainder when (45090/(-216))/((7/8)/(-7)) is divided by 62?
58
What is the remainder when ((-222)/148)/((-555)/(-278) - 2) is divided by 140?
137
Suppose 3*x = -5*m + 12903, 2*m = 68*x - 73*x + 21467. Calculate the remainder when x is divided by 20.
11
Suppose 3*i = -3*g + 35 + 3265, 0 = -g - 4*i + 1106. Suppose 6*z - 1086 = -2*o + 8*z, -2*o = 4*z - g. Calculate the remainder when o is divided by 21.
20
Let l be 4*(2 + (-175)/(-28))/3. What is the remainder when 30 is divided by (9 - l)/(((-6)/8)/3)?
6
Calculate the remainder when (542 - (0 - 2)) + 3 is divided by (392/210 - 4/(-12))*10.
19
Suppose n + 0*n - 2*y + 8 = 0, 2*n + 4*y - 8 = 0. Let k be 4/(30/(-12) + 3). What is the remainder when 8/(160/65) + n/k is divided by 2?
1
Let j = 7 + -11. Let n be 0/(-2*(-2)/16*j). Suppose -7*x + 90 + 1 = n. Calculate the remainder when 36 is divided by x.
10
Suppose -6*g + 8 = -j - 2*g, -1 = -4*j + 5*g. Let w be (-12)/15 - (-58475)/125. Suppose -w*f - 120 = -475*f. What is the remainder when f is divided by j?
3
Let h(r) = -23*r - 240. Calculate the remainder when (9 + -6)/(6/428) is divided by h(-12).
34
Suppose 12*w - 13004 = -5684. What is the remainder when w is divided by 22?
16
Let p(k) = k**3 - 16*k**2 - 20*k + 5. Let z(l) = l**3 - 17*l**2 - 19*l + 5. Let j(u) = 5*p(u) - 4*z(u). Calculate the remainder when j(14) is divided by 5.
1
Suppose -5*t - 595 = -4*r + 217, -210 = -r + 3*t. What is the remainder when 20789 is divided by r?
197
Suppose 0 = -29*v + 276 + 246. Calculate the remainder when 929 is divided by v.
11
Suppose 0 = -4*l + 32 - 8. Suppose -3*d = -y + 39, -5*d - 31 = -3*y + 2*y. What is the remainder when y is divided by l?
3
Suppose -12*a + 132 - 564 = 0. Let j = a - -50. What is the remainder when 37 is divided by j?
9
Suppose -280*k + 5861 = 75*k - 1239. Let m(b) = 3*b**3 - b**2 - 8*b + 7. Calculate the remainder when m(5) is divided by k.
17
Suppose 0 = -9*n - 119 + 92. Let u = n + 5. What is the remainder when 3 is divided by u?
1
Let k = -7478 - -7488. What is the remainder when 160 is divided by k?
0
Suppose z = -3*p + 5, 4*p - 5 = 3*z - 6*z. Let h(g) = 3*g**2 - 5*g + 13. What is the remainder when 29 is divided by h(p)?
14
Let d(q) = 123*q - 422. Calculate the remainder when d(6) is divided by 306.
10
Suppose -b + 3*x + 47 = 4*b, 2*x - 2 = 0. Let a(w) = 18*w - 30. Let k be a(-5). Let y = -104 - k. What is the remainder when y is divided by b?
6
Suppose -4*w = -3*w - 23. Suppose -2*n = -c + 544, -3*n - 3*c - 160 = 656. Let d = 308 + n. What is the remainder when d is divided by w?
13
Let l = 17 + -11. Let h(p) = 11*p - 5. Let s = -21185 - -21217. Calculate the remainder when h(l) is divided by s.
29
Let f = -507 - -508. Calculate the remainder when -16 + 72 - (-3)/f is divided by 23.
13
Let d = -243 - -246. Suppose -d*y + 12 = -2*y - 5*m, -9 = -2*y - 5*m. Calculate the remainder when 87 is divided by y.
3
Suppose -3*n = -10*n + 28. Suppose w - 70 = -n*w. Suppose -14*b - 67 = -15*b. Calculate the remainder when b is divided by w.
11
Let s(k) = 4*k**2 + 3*k - 7. Let n be s(-2). Let z(u) = 67*u - 15. What is the remainder when z(n) is divided by 63?
60
Let k(o) = 3*o**2 + 2*o - 1. Suppose 4*b - 157 = 5*r, 3*r - b + 90 = -0*b. Let n = 39 + r. What is the remainder when k(2) is divided by n?
5
What is the remainder when (-28)/280 - 6882/(-20) is divided by 13?
6
Let d = 40 + 57. Suppose d = t + 39. Let l(q) = -q**2 - 10*q - 6. What is the remainder when t is divided by l(-7)?
13
Let j(c) be the first derivative of -3/2*c**2 - 47*c + 10. What is the remainder when 18 is divided by j(-17)?
2
Let x(m) = 1982*m - 13845. Suppose -2*t - 3*w = -164, t + 5*w = 105 - 16. Calculate the remainder when t is divided by x(7).
21
Let s(b) = 171*b - 97. Let c be s(5). Suppose -2*p - 572 = -c. Calculate the remainder when p is divided by 14.
9
Suppose 4*l + 4*p - 208 = -l, 0 = -2*l - 2*p + 84. Suppose 9*k = 14*k + 3*h - 100, -2*k - h + l = 0. What is the remainder when k is divided by 9?
2
Let o(z) = z**3 - 6*z**2 + 7*z - 4. Let y = -65 + 59. Let u be (-1)/(2 + -1) - (0 + y). What is the remainder when o(u) is divided by 4?
2
Suppose -2*j = h - 5, -6*j - 11 = -2*j - 5*h. Suppose -j = 5*m + 4*k - 0, 2*m - 5*k - 26 = 0. Calculate the remainder when 67 is divided by m.
1
Let v(s) be the first derivative of 2*s**3/3 + 10*s**2 - 12*s - 7. Let l be v(-14). Let t = -98 + l. What is the remainder when 5 is divided by t?
1
Let s = -103 - -108. Suppose 2*p - 218 + 39 = 3*u, -s*p + 4*u + 465 = 0. Calculate the remainder when p is divided by 26.
19
Let z = -5029 - -5986. What is the remainder when z is divided by 277?
126
Let d(t) = -2*t**2 - 23*t + 174. Calculate the remainder when d(-10) is divided by 29 + 0 + -4 + 0/3.
4
Let d(x) = 9*x + 13. Let v(l) = -8*l - 12. Let b(j) = 2*d(j) + 3*v(j). Let c = -3258 - -3252. Calculate the remainder when b(c) is divided by 9.
8
Suppose -20 = -5*a, -4*i = 3*a + 22 - 90. Calculate the remainder when (8729/116 - 22) + 6/8 is divided by i.
12
Let z(a) = a**2 + 6*a - 10. Let v be z(-21). Let l = v + -213. What is the remainder when l is divided by 25?
17
Suppose 56*m = -2*r + 57*m + 2195, 4370 = 4*r + 2*m. What is the remainder when r is divided by 1095?
0
Let z(g) be the second derivative of -g**4/12 - 7*g**3/2 - 12*g**2 + 49*g - 2. Calculate the remainder when 165 is divided by z(-16).
53
Let d = -775 + 796. Suppose u + 440 = d*u. Suppose 5*y = 4*q + 205 + 356, 3*y + q - 323 = 0. Calculate the remainder when y is divided by u.
21
Let f = 36 - 25. Let k(w) = -w**2 + 20*w - 3. Let p be k(9). Suppose 6 = 3*t - p. What is the remainder when t is divided by f?
1
Suppose -22*l + 740 = 146. Calculate the remainder when 581 is divided by l.
14
Suppose 5*w = -137 - 163. Suppose -11*p = 397 - 34. Let y = p - w. What is the remainder when 53 is divided by y?
26
What is the remainder when (-689)/(-3) + (-420)/(-315) is divided by 130?
101
Let g be (-6)/14 - 240/(-21). Suppose 6*m - g*m + 3*f = -103, 3*m - 4*f - 53 = 0. What is the remainder when ((-33)/(-9))/(6/72) is divided by m?
21
Let d be -5*9*(-48)/240. Suppose -d*f = f - 1310. What is the remainder when f is divided by 23?
16
Let t = 87 + -69. What is the remainder when 16 is divided by ((-27)/t)/((-3)/18)?
7
Let t(w) = 25*w**2 + 55*w - 43. Let a(v) = 18*v**2 + 37*v - 29. Let s(q) = -7*a(q) + 5*t(q). What is the remainder when s(10) is divided by 20?
8
Let a be ((-3291)/(-6))/((-12)/8 - -2). Suppose a = 4*t + 109. Calculate the remainder when t is divided by 31.
30
Let y(g) = 6517*g - 52075. Suppose 4*b = 3*q + 560, -q - 4*q - 705 = -5*b. Calculate the remainder when b is divided by y(8).
15
Let x(b) = -2*b**3 + 70*b**2 + 79*b - 43. Let s(g) = -2*g**3 + 3*g**2 + g + 70. What is the remainder when x(36) is divided by s(0)?
69
Let j(l) = -296 + 37*l + 171 - 130. What is the remainder when 70 is divided by j(8)?
29
Let b(r) = 2*r**2 - 8*r + 7. Let i(p) = p**2 - 11*p - 2. Let f = -2 - -16. What is the remai